{"id":10,"date":"2026-02-09T16:46:03","date_gmt":"2026-02-09T22:46:03","guid":{"rendered":"https:\/\/pascalmargarita.com\/cursos-en-linea\/registro-de-estudiante\/"},"modified":"2026-02-09T19:53:27","modified_gmt":"2026-02-10T01:53:27","slug":"registro-de-estudiante","status":"publish","type":"page","link":"https:\/\/pascalmargarita.com\/cursos-en-linea\/registro-de-estudiante\/","title":{"rendered":"Registro de Estudiante"},"content":{"rendered":"\n\n\t<div id=\"tutor-registration-wrap\">\n\n\t\t\n\t\t<form method=\"post\" enctype=\"multipart\/form-data\" id=\"tutor-registration-form\">\n\t\t\t<input type=\"hidden\" name=\"tutor_course_enroll_attempt\" value=\"\">\n\t\t\t\n\t\t\t<input type=\"hidden\" id=\"_tutor_nonce\" name=\"_tutor_nonce\" value=\"6e85bca34e\" \/><input type=\"hidden\" name=\"_wp_http_referer\" value=\"\/cursos-en-linea\/wp-json\/wp\/v2\/pages\/10\" \/>\t\t\t<input type=\"hidden\" value=\"tutor_register_student\" name=\"tutor_action\"\/>\n\n\t\t\t\n\t\t\t<div class=\"tutor-form-row\">\n\t\t\t\t<div class=\"tutor-form-col-6\">\n\t\t\t\t\t<div class=\"tutor-form-group\">\n\t\t\t\t\t\t<label>\n\t\t\t\t\t\t\tNombre\t\t\t\t\t\t<\/label>\n\n\t\t\t\t\t\t<input type=\"text\" name=\"first_name\" value=\"\" placeholder=\"Nombre\" required autocomplete=\"given-name\">\n\t\t\t\t\t<\/div>\n\t\t\t\t<\/div>\n\n\t\t\t\t<div class=\"tutor-form-col-6\">\n\t\t\t\t\t<div class=\"tutor-form-group\">\n\t\t\t\t\t\t<label>\n\t\t\t\t\t\t\tApellidos\t\t\t\t\t\t<\/label>\n\n\t\t\t\t\t\t<input type=\"text\" name=\"last_name\" value=\"\" placeholder=\"Apellidos\" required autocomplete=\"family-name\">\n\t\t\t\t\t<\/div>\n\t\t\t\t<\/div>\n\n\t\t\t<\/div>\n\n\t\t\t<div class=\"tutor-form-row\">\n\t\t\t\t<div class=\"tutor-form-col-6\">\n\t\t\t\t\t<div class=\"tutor-form-group\">\n\t\t\t\t\t\t<label>\n\t\t\t\t\t\t\tNombre de usuario\t\t\t\t\t\t<\/label>\n\n\t\t\t\t\t\t<input type=\"text\" name=\"user_login\" class=\"tutor_user_name\" value=\"\" placeholder=\"Nombre de usuario\" required autocomplete=\"username\">\n\t\t\t\t\t<\/div>\n\t\t\t\t<\/div>\n\n\t\t\t\t<div class=\"tutor-form-col-6\">\n\t\t\t\t\t<div class=\"tutor-form-group\">\n\t\t\t\t\t\t<label>\n\t\t\t\t\t\t\tCorreo electr\u00f3nico\t\t\t\t\t\t<\/label>\n\n\t\t\t\t\t\t<input type=\"text\" name=\"email\" value=\"\" placeholder=\"Correo electr\u00f3nico\" required autocomplete=\"email\">\n\t\t\t\t\t<\/div>\n\t\t\t\t<\/div>\n\n\t\t\t<\/div>\n\n\t\t\t<div class=\"tutor-form-row\">\n\t\t\t\t<div class=\"tutor-form-col-6\">\n\t\t\t\t\t<div class=\"tutor-form-group\">\n\t\t\t\t\t\t<div class=\"tutor-password-strength-checker\">\n\t\t\t\t\t\t\t<div class=\"tutor-password-field\">\n\t\t\t\t\t\t\t\t<label>\n\t\t\t\t\t\t\t\t\tContrase\u00f1a\t\t\t\t\t\t\t\t<\/label>\n\n\t\t\t\t\t\t\t\t<input class=\"password-checker\" id=\"tutor-new-password\" type=\"password\" name=\"password\" value=\"\" placeholder=\"Contrase\u00f1a\" required autocomplete=\"new-password\" style=\"margin-bottom: 0;\">\n\t\t\t\t\t\t\t\t<span class=\"show-hide-btn\"><\/span>\n\t\t\t\t\t\t\t<\/div>\n\n\t\t\t\t\t\t\t<div class=\"tutor-password-strength-hint\">\n\t\t\t\t\t\t\t\t<div class=\"indicator\">\n\t\t\t\t\t\t\t\t\t<span class=\"weak\"><\/span>\n\t\t\t\t\t\t\t\t\t<span class=\"medium\"><\/span>\n\t\t\t\t\t\t\t\t\t<span class=\"strong\"><\/span>\n\t\t\t\t\t\t\t\t<\/div>\n\t\t\t\t\t\t\t\t<div class=\"text tutor-fs-7 tutor-color-muted\"><\/div>\n\t\t\t\t\t\t\t<\/div>\n\t\t\t\t\t\t<\/div>\n\t\t\t\t\t<\/div>\n\t\t\t\t<\/div>\n\n\t\t\t\t<div class=\"tutor-form-col-6\">\n\t\t\t\t\t<div class=\"tutor-form-group\">\n\t\t\t\t\t\t<label>\n\t\t\t\t\t\t\tConfirmaci\u00f3n de contrase\u00f1a\t\t\t\t\t\t<\/label>\n\n\t\t\t\t\t\t<div class=\"tutor-form-wrap\">\n\t\t\t\t\t\t\t<span class=\"tutor-validation-icon tutor-icon-mark tutor-color-success tutor-form-icon tutor-form-icon-reverse\" style=\"display: none;\"><\/span>\n\t\t\t\t\t\t\t<input type=\"password\" name=\"password_confirmation\" value=\"\" placeholder=\"Confirmaci\u00f3n de contrase\u00f1a\" required autocomplete=\"new-password\" style=\"margin-bottom: 0;\">\n\t\t\t\t\t\t<\/div>\n\t\t\t\t\t<\/div>\n\t\t\t\t<\/div>\n\t\t\t<\/div>\n\n\n\t\t\t<div class=\"tutor-form-row\">\n\t\t\t\t<div class=\"tutor-form-col-12\">\n\t\t\t\t\t<div class=\"tutor-form-group\">\n\t\t\t\t\t<p class=\"register-form-captcha\">\r\n                <label><b>Captcha <\/b><span class=\"required\">*<\/span><\/label>\r\n                <div style=\"clear:both;\"><\/div><div style=\"clear:both;\"><\/div><img decoding=\"async\" src=\"data:image\/png;base64,\/9j\/4AAQSkZJRgABAQEAYABgAAD\/\/gA+Q1JFQVRPUjogZ2QtanBlZyB2MS4wICh1c2luZyBJSkcgSlBFRyB2NjIpLCBkZWZhdWx0IHF1YWxpdHkK\/9sAQwAIBgYHBgUIBwcHCQkICgwUDQwLCwwZEhMPFB0aHx4dGhwcICQuJyAiLCMcHCg3KSwwMTQ0NB8nOT04MjwuMzQy\/9sAQwEJCQkMCwwYDQ0YMiEcITIyMjIyMjIyMjIyMjIyMjIyMjIyMjIyMjIyMjIyMjIyMjIyMjIyMjIyMjIyMjIyMjIy\/8AAEQgAKAB4AwEiAAIRAQMRAf\/EAB8AAAEFAQEBAQEBAAAAAAAAAAABAgMEBQYHCAkKC\/\/EALUQAAIBAwMCBAMFBQQEAAABfQECAwAEEQUSITFBBhNRYQcicRQygZGhCCNCscEVUtHwJDNicoIJChYXGBkaJSYnKCkqNDU2Nzg5OkNERUZHSElKU1RVVldYWVpjZGVmZ2hpanN0dXZ3eHl6g4SFhoeIiYqSk5SVlpeYmZqio6Slpqeoqaqys7S1tre4ubrCw8TFxsfIycrS09TV1tfY2drh4uPk5ebn6Onq8fLz9PX29\/j5+v\/EAB8BAAMBAQEBAQEBAQEAAAAAAAABAgMEBQYHCAkKC\/\/EALURAAIBAgQEAwQHBQQEAAECdwABAgMRBAUhMQYSQVEHYXETIjKBCBRCkaGxwQkjM1LwFWJy0QoWJDThJfEXGBkaJicoKSo1Njc4OTpDREVGR0hJSlNUVVZXWFlaY2RlZmdoaWpzdHV2d3h5eoKDhIWGh4iJipKTlJWWl5iZmqKjpKWmp6ipqrKztLW2t7i5usLDxMXGx8jJytLT1NXW19jZ2uLj5OXm5+jp6vLz9PX29\/j5+v\/aAAwDAQACEQMRAD8A9\/qD7Za\/bvsP2mH7X5fneR5g8zZnG7b1254z0zU9Vb\/TLDVYFg1GytryFW3iO4iWRQ2CM4YHnBPPvTVuoGd9l8Uf9BjR\/wDwVS\/\/ACRWeNR1k62+knX9EW6CqVVtNceYxBYov+k5LKoVmGOFdD0aptS0iz0TTp76zvtVsREvyxWlx5oYdFhihm3RqSdqqqqDnCjAODVttH1u10uaDVLPR9cS7kNzeQ7TG24tu2r5m9ZsfKqbjHgRoCe66K1rkmp9l8Uf9BjR\/wDwVS\/\/ACRR9q8Uf9AfR\/8Away\/\/I9c9d3d7pNq76e+sabcrhlttZD3doQThpJZ080xqFzx5qgFQSACS3iKeIv7Q+J8et3pa1jnv187yboqY4ydpAlQg8L3BGa1p0XO7JlOx9H\/AGrxR\/0B9H\/8Gsv\/AMj0favFH\/QH0f8A8Gsv\/wAj1kS6mLNwLHxk+oXJVWNu9kl8RGwDB\/LtVSQAgrhyduGHGWU15p8VtH8RahaReItWtoLWK0C2m0sFklySwcIrSKo+bb\/rCTtzxnFTCmpOzsvvBysrnvUJlaCMzoiTFQXRHLKrY5AJAyM98D6Cn14dbXumaz8H7XRdXnvNHS1EbteGya4jZS7bWHlnIU5Ay20FgyjcVbHnNp4ch1bxgmhaLqP26OYlYLswmIOdm7JVjlQCCD1OASATgGo4a97u1vITqW6H1vWJbawlhJqcGs3kMP2OQSi4mZY0MErHyiT0XDB4uTk+XuP3hXP+DPBeu+HvDkWlXGvR26q7yn7BbqXDE9PMlDKVxzjywc45wOa+rix0rVLHVNBsP7UudOuWhv7y5vWlW1idSjK80hdl2ttchQSihydoc7slBXaTuXd2udLN4oiaCSXT7K5u4UUs104FvbIuMhzLJjdHjJ3xiTAGcHIyQ32ra1BGLWB9MjKgy3NxCSzEjDLCj7WBB3fPKgHCkI4bilLJoVrqIGtaumqavCyyLaf6xoW4YGK1TJBGSQ21pApOXIrQ\/tu+uuNN0K8kVv8AV3F4y2sRx13BszL3A\/dcnH8J3UrW2QXNS0tvslqkPnTTlclpZm3O5JySew5J4AAHQAAAAqrYDWWnaXUXsI4WXAtbdHdkbI585iNwxk48tcZxk4ySoZRo0VkTDxHBPJJA+lXkLMQkDpJbMi54JkBk3EDjGxc5zkYweau\/Gvim1tXvF8E+baLjbMNR8ouScACOWJZNxY7QNmWOMA5GaUHLYTlY6G5\/4mviKG0HzWmm4uLjurzn\/VIeoO0ZkIOCCYGFWr\/XdM02dbe5u0F0y70tYwZJ3XJGViUF2HB5AOACegNcBHqSaHaq\/ju61LTGvJHmIgkWJJJSQSAbeV532g7ASQgRUBUMFzqaf8RPh1pljINOv7OztxIN0UFk8eWYHnYEBPC4JxxwCeRVum+iv6E8xpa54k1W20HUNRs9HMEFvbvL5+oTCIsNpKska7mJ\/wBmTyzyBwc7fmx9Ps\/+ENj1L7dCb9r9oTa+YnmeXsBDlfvYyCM9Pzr2vxt4y0\/xd4J1HTfCv2zVLqQxpIttYztsUtkknZgZCkfnXAXPwzvo\/BkN7D4f159XIDSh3gESqSfuxAmUnGBggHqe2K6sPaC97R3M56vTU9L0HwbHP4f07VPD+ry6bJcW0cgVYV8tcqCMiLy2lZTwPOaQfeyG3E1zvxQXxZZ+DXtdYls76xM8apdxALKSMndIPlAz2RFbA6vlcvn6TrnjPRPA8enC4sdNubYbbSzlBj1CYs\/y4ikRhIh3EDaFJK\/e4IOFeaT8QvGtzBZ3mmaoilw7tdefHDv6GQiQlF6nhAMAkAdqUINT5pNWQNq1kbHhTxl4R0fSdFupVlTWdNEolaaJpDLGRgxxt82zO7cuMDKOCUEhZsu71O21z40vf2Omw6xb3Dgw2k2Clx+4wM8MFyRn5gNv8WzBx3vhjw747utOttPvtRs9J0KCAW\/2eK0SWS7j4yzLKp271Yg7sEEcxjmuDu\/hxd2XxCfSbRNSttHdhAmpzKVQeZHjmQKFbLNt28bs7cjOaqLhzS11sxNOyPQL3QrUXVl9v1mz8LJJH5kvh7S2BefcMBWTOyZiRjAhO7lPnwDWvDp9nPBHDBout6vEqiIf2g32W0BAwqvbOUUKo28pAwGARuYGiw8OeLvDWlNbaJqPh66Z5\/MZbjS\/sigFQCf3DYJ+UdVzz14Apk99qOmZ\/tnUvFVlEkbu91Ha2lzANmN3zRQMwXkkF0TIByAeK5229n\/X5mm25t+CovsXh1NJe3ht59Mka1lhhO5Vx8yEtgBmaN0csAMlzkKcqOhrz82ug3Ot2V5Y69c6gs7fY7+W21mXhmDNC7mNwqDeroqAKpafgDAB6X\/hD\/DrfNcaNZ3cp+9PeRi4lb\/ekk3M2OgyTgADoKymle7KRav9f0bSp1g1HVrCzmZd4juLlI2K5IzhiOMg8+1FT2GmWGlQNBp1lbWcLNvMdvEsalsAZwoHOAOfaip90epxvi7xn4Yext4F8WWdu7Sbw9s883ABBB+zSIw+8PvNg46HGRxM8WpalNbTJ4bhMttIZJJNa8OXjSXGUZQrOrztIo3ZwxXBVMZAwCiu1QUIq3Ux5rs24m16yup4tA0uGIPt2DS9JfS3nwOfNNxbyR\/Lltvzr36lgBP9n1x\/+Pv4X\/2hj7v9pa+l5s9dvnbtueM4xnAz0FFFYTnyu1vz\/QuKudRqENxr\/l\/aPBlnN5Odv9tTQjGcf6vyxN6c529uvbEj8E3KfbB\/YGmql3lZYrbWprWMx84jKQW6K6jcwy4ZsHBJoorNVGtv1K5TIsNC8XaXA0WgWN\/4ctZG8x7G3itL1Q+AC3mzXAYkgLwFUDGME5Y7Vhf+LtNgaPVr+5ZmbdHJceHvtDEYGR\/oc7BQOvzAE54JwcFFWqjm7NITjZXM\/wDtDxRb\/J\/bmsahnnzf7Hls8f7Oz7DLn13bh1xjjJjm1y5ngkstZ07xxqVvIpSeG2sFEEqkdBIIYJcdMjC5OR8y9SituVEXYyPxB4c0yRRr8\/irT4bnfJbm\/uNQikTDDMbBXKtjcCrKT8vDYYZfbtL74b6japcS6ppt8jZ2DWL0zPHzg7VuGLJnHOAM4HXAooqpUlyqV2JS1sbf\/CI+F7yx8yx0rTYPOj3QXtlbxLImR8skbheGGQVYd8GoNI0nUTpcMseq6lY3Sblmt5m+0QvMjFWYedul8piuQA65UgjaSTRRXG5M1sjpYRKsEYndHmCgO6IVVmxyQCTgZ7ZP1NFFFQUf\/9k=\" width=\"100\"><label>Type the text displayed above:<\/label>\r\n                <input id=\"captcha_code\" name=\"captcha_code\" size=\"15\" type=\"text\" \/>\r\n                <\/p>\t\t\t\t\t<\/div>\n\t\t\t\t<\/div>\n\t\t\t<\/div>    \n\n\t\t\t\n\t\t\t\t\t\t\n\t\t\t<div>\n\t\t\t\t<button type=\"submit\" name=\"tutor_register_student_btn\" value=\"register\" class=\"tutor-btn tutor-btn-primary tutor-btn-block\">Registro<\/button>\n\t\t\t<\/div>\n\t\t\t\t\t\t\n\t\t<\/form>\n\t\t\t\t\n\t<\/div>\n\t","protected":false},"excerpt":{"rendered":"<p>Nombre Apellidos Nombre de usuario Correo electr\u00f3nico Contrase\u00f1a Confirmaci\u00f3n de contrase\u00f1a Captcha * Type the text displayed above: Registro<\/p>\n","protected":false},"author":1,"featured_media":0,"parent":0,"menu_order":3,"comment_status":"closed","ping_status":"closed","template":"","meta":{"site-sidebar-layout":"default","site-content-layout":"","ast-site-content-layout":"default","site-content-style":"default","site-sidebar-style":"default","ast-global-header-display":"","ast-banner-title-visibility":"","ast-main-header-display":"","ast-hfb-above-header-display":"","ast-hfb-below-header-display":"","ast-hfb-mobile-header-display":"","site-post-title":"","ast-breadcrumbs-content":"","ast-featured-img":"","footer-sml-layout":"","ast-disable-related-posts":"","theme-transparent-header-meta":"","adv-header-id-meta":"","stick-header-meta":"","header-above-stick-meta":"","header-main-stick-meta":"","header-below-stick-meta":"","astra-migrate-meta-layouts":"default","ast-page-background-enabled":"default","ast-page-background-meta":{"desktop":{"background-color":"var(--ast-global-color-5)","background-image":"","background-repeat":"repeat","background-position":"center center","background-size":"auto","background-attachment":"scroll","background-type":"","background-media":"","overlay-type":"","overlay-color":"","overlay-opacity":"","overlay-gradient":""},"tablet":{"background-color":"","background-image":"","background-repeat":"repeat","background-position":"center center","background-size":"auto","background-attachment":"scroll","background-type":"","background-media":"","overlay-type":"","overlay-color":"","overlay-opacity":"","overlay-gradient":""},"mobile":{"background-color":"","background-image":"","background-repeat":"repeat","background-position":"center center","background-size":"auto","background-attachment":"scroll","background-type":"","background-media":"","overlay-type":"","overlay-color":"","overlay-opacity":"","overlay-gradient":""}},"ast-content-background-meta":{"desktop":{"background-color":"var(--ast-global-color-4)","background-image":"","background-repeat":"repeat","background-position":"center center","background-size":"auto","background-attachment":"scroll","background-type":"","background-media":"","overlay-type":"","overlay-color":"","overlay-opacity":"","overlay-gradient":""},"tablet":{"background-color":"var(--ast-global-color-4)","background-image":"","background-repeat":"repeat","background-position":"center center","background-size":"auto","background-attachment":"scroll","background-type":"","background-media":"","overlay-type":"","overlay-color":"","overlay-opacity":"","overlay-gradient":""},"mobile":{"background-color":"var(--ast-global-color-4)","background-image":"","background-repeat":"repeat","background-position":"center center","background-size":"auto","background-attachment":"scroll","background-type":"","background-media":"","overlay-type":"","overlay-color":"","overlay-opacity":"","overlay-gradient":""}},"footnotes":""},"class_list":["post-10","page","type-page","status-publish","hentry"],"yoast_head":"<!-- This site is optimized with the Yoast SEO plugin v27.6 - https:\/\/yoast.com\/product\/yoast-seo-wordpress\/ -->\n<title>Registro de Estudiante -<\/title>\n<meta name=\"robots\" content=\"index, follow, max-snippet:-1, max-image-preview:large, max-video-preview:-1\" \/>\n<link rel=\"canonical\" href=\"https:\/\/pascalmargarita.com\/cursos-en-linea\/registro-de-estudiante\/\" \/>\n<meta property=\"og:locale\" content=\"es_MX\" \/>\n<meta property=\"og:type\" content=\"article\" \/>\n<meta property=\"og:title\" content=\"Registro de Estudiante -\" \/>\n<meta property=\"og:description\" content=\"Nombre Apellidos Nombre de usuario Correo electr\u00f3nico Contrase\u00f1a Confirmaci\u00f3n de contrase\u00f1a Captcha * Type the text displayed above: Registro\" \/>\n<meta property=\"og:url\" content=\"https:\/\/pascalmargarita.com\/cursos-en-linea\/registro-de-estudiante\/\" \/>\n<meta property=\"article:modified_time\" content=\"2026-02-10T01:53:27+00:00\" \/>\n<meta name=\"twitter:card\" content=\"summary_large_image\" \/>\n<script type=\"application\/ld+json\" class=\"yoast-schema-graph\">{\"@context\":\"https:\\\/\\\/schema.org\",\"@graph\":[{\"@type\":\"WebPage\",\"@id\":\"https:\\\/\\\/pascalmargarita.com\\\/cursos-en-linea\\\/registro-de-estudiante\\\/\",\"url\":\"https:\\\/\\\/pascalmargarita.com\\\/cursos-en-linea\\\/registro-de-estudiante\\\/\",\"name\":\"Registro de Estudiante -\",\"isPartOf\":{\"@id\":\"https:\\\/\\\/pascalmargarita.com\\\/cursos-en-linea\\\/#website\"},\"datePublished\":\"2026-02-09T22:46:03+00:00\",\"dateModified\":\"2026-02-10T01:53:27+00:00\",\"breadcrumb\":{\"@id\":\"https:\\\/\\\/pascalmargarita.com\\\/cursos-en-linea\\\/registro-de-estudiante\\\/#breadcrumb\"},\"inLanguage\":\"es\",\"potentialAction\":[{\"@type\":\"ReadAction\",\"target\":[\"https:\\\/\\\/pascalmargarita.com\\\/cursos-en-linea\\\/registro-de-estudiante\\\/\"]}]},{\"@type\":\"BreadcrumbList\",\"@id\":\"https:\\\/\\\/pascalmargarita.com\\\/cursos-en-linea\\\/registro-de-estudiante\\\/#breadcrumb\",\"itemListElement\":[{\"@type\":\"ListItem\",\"position\":1,\"name\":\"Inicio\",\"item\":\"https:\\\/\\\/pascalmargarita.com\\\/cursos-en-linea\\\/\"},{\"@type\":\"ListItem\",\"position\":2,\"name\":\"Registro de Estudiante\"}]},{\"@type\":\"WebSite\",\"@id\":\"https:\\\/\\\/pascalmargarita.com\\\/cursos-en-linea\\\/#website\",\"url\":\"https:\\\/\\\/pascalmargarita.com\\\/cursos-en-linea\\\/\",\"name\":\"Cursos Pascal Margarita\",\"description\":\"\",\"publisher\":{\"@id\":\"https:\\\/\\\/pascalmargarita.com\\\/cursos-en-linea\\\/#organization\"},\"potentialAction\":[{\"@type\":\"SearchAction\",\"target\":{\"@type\":\"EntryPoint\",\"urlTemplate\":\"https:\\\/\\\/pascalmargarita.com\\\/cursos-en-linea\\\/?s={search_term_string}\"},\"query-input\":{\"@type\":\"PropertyValueSpecification\",\"valueRequired\":true,\"valueName\":\"search_term_string\"}}],\"inLanguage\":\"es\"},{\"@type\":\"Organization\",\"@id\":\"https:\\\/\\\/pascalmargarita.com\\\/cursos-en-linea\\\/#organization\",\"name\":\"Cursos Pascal Margarita\",\"alternateName\":\"Cursos Pascal Margarita\",\"url\":\"https:\\\/\\\/pascalmargarita.com\\\/cursos-en-linea\\\/\",\"logo\":{\"@type\":\"ImageObject\",\"inLanguage\":\"es\",\"@id\":\"https:\\\/\\\/pascalmargarita.com\\\/cursos-en-linea\\\/#\\\/schema\\\/logo\\\/image\\\/\",\"url\":\"https:\\\/\\\/pascalmargarita.com\\\/cursos-en-linea\\\/wp-content\\\/uploads\\\/2026\\\/02\\\/cropped-logo.jpg\",\"contentUrl\":\"https:\\\/\\\/pascalmargarita.com\\\/cursos-en-linea\\\/wp-content\\\/uploads\\\/2026\\\/02\\\/cropped-logo.jpg\",\"width\":383,\"height\":127,\"caption\":\"Cursos Pascal Margarita\"},\"image\":{\"@id\":\"https:\\\/\\\/pascalmargarita.com\\\/cursos-en-linea\\\/#\\\/schema\\\/logo\\\/image\\\/\"}}]}<\/script>\n<!-- \/ Yoast SEO plugin. -->","yoast_head_json":{"title":"Registro de Estudiante -","robots":{"index":"index","follow":"follow","max-snippet":"max-snippet:-1","max-image-preview":"max-image-preview:large","max-video-preview":"max-video-preview:-1"},"canonical":"https:\/\/pascalmargarita.com\/cursos-en-linea\/registro-de-estudiante\/","og_locale":"es_MX","og_type":"article","og_title":"Registro de Estudiante -","og_description":"Nombre Apellidos Nombre de usuario Correo electr\u00f3nico Contrase\u00f1a Confirmaci\u00f3n de contrase\u00f1a Captcha * Type the text displayed above: Registro","og_url":"https:\/\/pascalmargarita.com\/cursos-en-linea\/registro-de-estudiante\/","article_modified_time":"2026-02-10T01:53:27+00:00","twitter_card":"summary_large_image","schema":{"@context":"https:\/\/schema.org","@graph":[{"@type":"WebPage","@id":"https:\/\/pascalmargarita.com\/cursos-en-linea\/registro-de-estudiante\/","url":"https:\/\/pascalmargarita.com\/cursos-en-linea\/registro-de-estudiante\/","name":"Registro de Estudiante -","isPartOf":{"@id":"https:\/\/pascalmargarita.com\/cursos-en-linea\/#website"},"datePublished":"2026-02-09T22:46:03+00:00","dateModified":"2026-02-10T01:53:27+00:00","breadcrumb":{"@id":"https:\/\/pascalmargarita.com\/cursos-en-linea\/registro-de-estudiante\/#breadcrumb"},"inLanguage":"es","potentialAction":[{"@type":"ReadAction","target":["https:\/\/pascalmargarita.com\/cursos-en-linea\/registro-de-estudiante\/"]}]},{"@type":"BreadcrumbList","@id":"https:\/\/pascalmargarita.com\/cursos-en-linea\/registro-de-estudiante\/#breadcrumb","itemListElement":[{"@type":"ListItem","position":1,"name":"Inicio","item":"https:\/\/pascalmargarita.com\/cursos-en-linea\/"},{"@type":"ListItem","position":2,"name":"Registro de Estudiante"}]},{"@type":"WebSite","@id":"https:\/\/pascalmargarita.com\/cursos-en-linea\/#website","url":"https:\/\/pascalmargarita.com\/cursos-en-linea\/","name":"Cursos Pascal Margarita","description":"","publisher":{"@id":"https:\/\/pascalmargarita.com\/cursos-en-linea\/#organization"},"potentialAction":[{"@type":"SearchAction","target":{"@type":"EntryPoint","urlTemplate":"https:\/\/pascalmargarita.com\/cursos-en-linea\/?s={search_term_string}"},"query-input":{"@type":"PropertyValueSpecification","valueRequired":true,"valueName":"search_term_string"}}],"inLanguage":"es"},{"@type":"Organization","@id":"https:\/\/pascalmargarita.com\/cursos-en-linea\/#organization","name":"Cursos Pascal Margarita","alternateName":"Cursos Pascal Margarita","url":"https:\/\/pascalmargarita.com\/cursos-en-linea\/","logo":{"@type":"ImageObject","inLanguage":"es","@id":"https:\/\/pascalmargarita.com\/cursos-en-linea\/#\/schema\/logo\/image\/","url":"https:\/\/pascalmargarita.com\/cursos-en-linea\/wp-content\/uploads\/2026\/02\/cropped-logo.jpg","contentUrl":"https:\/\/pascalmargarita.com\/cursos-en-linea\/wp-content\/uploads\/2026\/02\/cropped-logo.jpg","width":383,"height":127,"caption":"Cursos Pascal Margarita"},"image":{"@id":"https:\/\/pascalmargarita.com\/cursos-en-linea\/#\/schema\/logo\/image\/"}}]}},"_links":{"self":[{"href":"https:\/\/pascalmargarita.com\/cursos-en-linea\/wp-json\/wp\/v2\/pages\/10","targetHints":{"allow":["GET"]}}],"collection":[{"href":"https:\/\/pascalmargarita.com\/cursos-en-linea\/wp-json\/wp\/v2\/pages"}],"about":[{"href":"https:\/\/pascalmargarita.com\/cursos-en-linea\/wp-json\/wp\/v2\/types\/page"}],"author":[{"embeddable":true,"href":"https:\/\/pascalmargarita.com\/cursos-en-linea\/wp-json\/wp\/v2\/users\/1"}],"replies":[{"embeddable":true,"href":"https:\/\/pascalmargarita.com\/cursos-en-linea\/wp-json\/wp\/v2\/comments?post=10"}],"version-history":[{"count":1,"href":"https:\/\/pascalmargarita.com\/cursos-en-linea\/wp-json\/wp\/v2\/pages\/10\/revisions"}],"predecessor-version":[{"id":43,"href":"https:\/\/pascalmargarita.com\/cursos-en-linea\/wp-json\/wp\/v2\/pages\/10\/revisions\/43"}],"wp:attachment":[{"href":"https:\/\/pascalmargarita.com\/cursos-en-linea\/wp-json\/wp\/v2\/media?parent=10"}],"curies":[{"name":"wp","href":"https:\/\/api.w.org\/{rel}","templated":true}]}}